{"id":1023,"date":"2017-04-10T09:04:53","date_gmt":"2017-04-10T07:04:53","guid":{"rendered":"https:\/\/www.oekobib.lu\/kontakt\/"},"modified":"2022-07-22T14:33:08","modified_gmt":"2022-07-22T12:33:08","slug":"contact","status":"publish","type":"page","link":"https:\/\/www.oekobib.lu\/fr\/contact\/","title":{"rendered":"Contact"},"content":{"rendered":"<section class=\"wpb-content-wrapper\"><p>[vc_row][vc_column width=\u00a0\u00bb2\/3&Prime;][vc_column_text]<\/p>\n<p style=\"text-align: center;\"><span style=\"font-size: 14pt;\"><strong>Envie de nous rendre visite et de bouquiner dans notre biblioth\u00e8que\u00a0?<\/strong><\/span><\/p>\n<p style=\"text-align: center;\">Nous sommes \u00e0 votre enti\u00e8re disposition pour toute information compl\u00e9mentaire. Le lundi, le mardi, le jeudi de 9.00 \u00e0 12.00 heures et de 14.00 \u00e0 17.00 heures, le vendredi de 09:00 \u00e0 12:00 ou suivant rendez-vous convenu en dehors des heures d\u2019ouverture indiqu\u00e9es.<\/p>\n<p>[\/vc_column_text][\/vc_column][vc_column width=\u00a0\u00bb1\/3&Prime;][vc_column_text]<\/p>\n<p><strong>Karin Struck<\/strong> Responsable oekobib mediath\u00e9ik 6, rue Vauban L-2663 Luxemburg Tel.:\u00a0 +352 43 90 30-40 E-mail: oekobib@oeko.lu<\/p>\n<p style=\"text-align: center;\">\u00a0<\/p>\n<p>[\/vc_column_text][\/vc_column][\/vc_row][vc_row][vc_column][vc_separator color=\u00a0\u00bbcustom\u00a0\u00bb accent_color=\u00a0\u00bb#76b72a\u00a0\u00bb][vc_column_text]<\/p>\n<h1>O\u00f9 nous trouver<\/h1>\n<p style=\"text-align: center;\">[\/vc_column_text][\/vc_column][\/vc_row][vc_row][vc_column][vc_column_text]<\/p>\n<h2>L\u2019oekobib mediath\u00e9ik est facilement accessible\u00a0:<\/h2>\n<ul>\n<li>\u00e0 pied: en partant de la Ville-Haute, avec l\u2019ascenseur panoramique (l\u2019entr\u00e9e se situe dans le Parc Pescatore) ou bien en venant du \u00ab\u00a0F\u00ebschmaart\u00a0\u00bb ou du \u00ab\u00a0Eecher Bierg\u00a0\u00bb (10 min. \u00e0 pied)\u00a0;<\/li>\n<\/ul>\n<ul>\n<li>en bus : Les lignes AVL 23 et 26 Les lignes AVL 23 et 26 desservent les arr\u00eats \u00ab\u00a0Th\u00e9iwesbuer\u00a0\u00bb ou \u00ab\u00a0Vauban\u00a0\u00bb. A partir d\u2019un arr\u00eat de bus du centre-ville jusqu\u2019au Parc Pescatore (ascenseur panoramique), ensuite \u00e0 pied jusqu\u2019au Pfaffenthal. Pour les horaires des bus AVL, consultez <a href=\"https:\/\/www.mobiliteit.lu\/\" target=\"_blank\" rel=\"noopener noreferrer\">mobiliteit.lu<\/a>;<\/li>\n<\/ul>\n<ul>\n<li>en train: arrivant du nord du pays ou de la Gare centrale de Luxembourg jusqu\u2019\u00e0 la gare Pfaffenthal-Kirchberg, apr\u00e8s env. 5 min. \u00e0 pied jusqu\u2019\u00e0 l\u2019Oekozenter<\/li>\n<\/ul>\n<ul>\n<li>en v\u00e9lo: en partant de la Ville-Haute, prendre l\u2019ascenseur panoramique (l\u2019entr\u00e9e se situe dans le Parc Pescatore) jusqu\u2019au Pfaffenthal. Un abri-v\u00e9lo spacieux est \u00e0 la disposition des visiteurs\u00a0;<\/li>\n<\/ul>\n<ul>\n<li>en voiture: il est recommand\u00e9 de garer la voiture au \u00ab\u00a0Champ du Glacis\u00a0\u00bb et de prendre l\u2019ascenseur panoramique pour descendre au Pfaffenthal (l\u2019entr\u00e9e se situe dans le Parc Pescatore). A proximit\u00e9 de l\u2019Oekozenter, les possibilit\u00e9s de stationner sont peu nombreuses (des parkings se trouvent e.a. en face de l\u2019Eglise, dans la partie sup\u00e9rieure de la \u00ab\u00a0rue des trois glands\u00a0\u00bb ou encore pr\u00e8s du stade de football, en venant de \u00ab\u00a0Eecher Plaatz\u00a0\u00bb). Tous les parkings sont payants\u00a0!<\/li>\n<\/ul>\n<p>Information importante: en raison de travaux de maintenance, l\u2019ascenseur panoramique est hors service chaque premier lundi du mois.<\/p>\n<p style=\"text-align: center;\">\u00a0<\/p>\n<p style=\"text-align: center;\">[\/vc_column_text][\/vc_column][\/vc_row][vc_row][vc_column][vc_column_text]<\/p>\n<p>[\/vc_column_text][\/vc_column][\/vc_row]<\/p>\n<\/section>","protected":false},"excerpt":{"rendered":"<p>[vc_row][vc_column width=\u00a0\u00bb2\/3&Prime;][vc_column_text] Envie de nous rendre visite et de bouquiner dans notre biblioth\u00e8que\u00a0? Nous sommes \u00e0 votre enti\u00e8re disposition pour toute information compl\u00e9mentaire. Le lundi, le mardi, le jeudi de 9.00 \u00e0 12.00 heures et de 14.00 \u00e0 17.00 heures, le vendredi de 09:00 \u00e0 12:00 ou suivant rendez-vous convenu en dehors des heures d\u2019ouverture [&hellip;]<\/p>\n","protected":false},"author":1,"featured_media":512,"parent":0,"menu_order":0,"comment_status":"closed","ping_status":"closed","template":"","meta":{"footnotes":""},"class_list":["post-1023","page","type-page","status-publish","hentry"],"yoast_head":"<!-- This site is optimized with the Yoast SEO plugin v27.3 - https:\/\/yoast.com\/product\/yoast-seo-wordpress\/ -->\n<title>Contact - Oekobib<\/title>\n<meta name=\"robots\" content=\"index, follow, max-snippet:-1, max-image-preview:large, max-video-preview:-1\" \/>\n<link rel=\"canonical\" href=\"https:\/\/www.oekobib.lu\/kontakt\/\" \/>\n<meta property=\"og:locale\" content=\"fr_FR\" \/>\n<meta property=\"og:type\" content=\"article\" \/>\n<meta property=\"og:title\" content=\"Contact - Oekobib\" \/>\n<meta property=\"og:description\" content=\"[vc_row][vc_column width=\u00a0\u00bb2\/3&Prime;][vc_column_text] Envie de nous rendre visite et de bouquiner dans notre biblioth\u00e8que\u00a0? Nous sommes \u00e0 votre enti\u00e8re disposition pour toute information compl\u00e9mentaire. Le lundi, le mardi, le jeudi de 9.00 \u00e0 12.00 heures et de 14.00 \u00e0 17.00 heures, le vendredi de 09:00 \u00e0 12:00 ou suivant rendez-vous convenu en dehors des heures d\u2019ouverture [&hellip;]\" \/>\n<meta property=\"og:url\" content=\"https:\/\/www.oekobib.lu\/kontakt\/\" \/>\n<meta property=\"og:site_name\" content=\"Oekobib\" \/>\n<meta property=\"article:modified_time\" content=\"2022-07-22T12:33:08+00:00\" \/>\n<meta property=\"og:image\" content=\"https:\/\/www.oekobib.lu\/wp-content\/uploads\/2017\/04\/Kontakt_Slider.jpg\" \/>\n\t<meta property=\"og:image:width\" content=\"1170\" \/>\n\t<meta property=\"og:image:height\" content=\"350\" \/>\n\t<meta property=\"og:image:type\" content=\"image\/jpeg\" \/>\n<meta name=\"twitter:card\" content=\"summary_large_image\" \/>\n<meta name=\"twitter:label1\" content=\"Dur\u00e9e de lecture estim\u00e9e\" \/>\n\t<meta name=\"twitter:data1\" content=\"2 minutes\" \/>\n<script type=\"application\/ld+json\" class=\"yoast-schema-graph\">{\"@context\":\"https:\\\/\\\/schema.org\",\"@graph\":[{\"@type\":\"WebPage\",\"@id\":\"https:\\\/\\\/www.oekobib.lu\\\/kontakt\\\/\",\"url\":\"https:\\\/\\\/www.oekobib.lu\\\/kontakt\\\/\",\"name\":\"Contact - Oekobib\",\"isPartOf\":{\"@id\":\"https:\\\/\\\/www.oekobib.lu\\\/#website\"},\"primaryImageOfPage\":{\"@id\":\"https:\\\/\\\/www.oekobib.lu\\\/kontakt\\\/#primaryimage\"},\"image\":{\"@id\":\"https:\\\/\\\/www.oekobib.lu\\\/kontakt\\\/#primaryimage\"},\"thumbnailUrl\":\"https:\\\/\\\/www.oekobib.lu\\\/wp-content\\\/uploads\\\/2017\\\/04\\\/Kontakt_Slider.jpg\",\"datePublished\":\"2017-04-10T07:04:53+00:00\",\"dateModified\":\"2022-07-22T12:33:08+00:00\",\"breadcrumb\":{\"@id\":\"https:\\\/\\\/www.oekobib.lu\\\/kontakt\\\/#breadcrumb\"},\"inLanguage\":\"fr-FR\",\"potentialAction\":[{\"@type\":\"ReadAction\",\"target\":[\"https:\\\/\\\/www.oekobib.lu\\\/kontakt\\\/\"]}]},{\"@type\":\"ImageObject\",\"inLanguage\":\"fr-FR\",\"@id\":\"https:\\\/\\\/www.oekobib.lu\\\/kontakt\\\/#primaryimage\",\"url\":\"https:\\\/\\\/www.oekobib.lu\\\/wp-content\\\/uploads\\\/2017\\\/04\\\/Kontakt_Slider.jpg\",\"contentUrl\":\"https:\\\/\\\/www.oekobib.lu\\\/wp-content\\\/uploads\\\/2017\\\/04\\\/Kontakt_Slider.jpg\",\"width\":1170,\"height\":350},{\"@type\":\"BreadcrumbList\",\"@id\":\"https:\\\/\\\/www.oekobib.lu\\\/kontakt\\\/#breadcrumb\",\"itemListElement\":[{\"@type\":\"ListItem\",\"position\":1,\"name\":\"Accueil\",\"item\":\"https:\\\/\\\/www.oekobib.lu\\\/\"},{\"@type\":\"ListItem\",\"position\":2,\"name\":\"Contact\"}]},{\"@type\":\"WebSite\",\"@id\":\"https:\\\/\\\/www.oekobib.lu\\\/#website\",\"url\":\"https:\\\/\\\/www.oekobib.lu\\\/\",\"name\":\"Oekobib\",\"description\":\"Un site utilisant WordPress\",\"potentialAction\":[{\"@type\":\"SearchAction\",\"target\":{\"@type\":\"EntryPoint\",\"urlTemplate\":\"https:\\\/\\\/www.oekobib.lu\\\/?s={search_term_string}\"},\"query-input\":{\"@type\":\"PropertyValueSpecification\",\"valueRequired\":true,\"valueName\":\"search_term_string\"}}],\"inLanguage\":\"fr-FR\"}]}<\/script>\n<!-- \/ Yoast SEO plugin. -->","yoast_head_json":{"title":"Contact - Oekobib","robots":{"index":"index","follow":"follow","max-snippet":"max-snippet:-1","max-image-preview":"max-image-preview:large","max-video-preview":"max-video-preview:-1"},"canonical":"https:\/\/www.oekobib.lu\/kontakt\/","og_locale":"fr_FR","og_type":"article","og_title":"Contact - Oekobib","og_description":"[vc_row][vc_column width=\u00a0\u00bb2\/3&Prime;][vc_column_text] Envie de nous rendre visite et de bouquiner dans notre biblioth\u00e8que\u00a0? Nous sommes \u00e0 votre enti\u00e8re disposition pour toute information compl\u00e9mentaire. Le lundi, le mardi, le jeudi de 9.00 \u00e0 12.00 heures et de 14.00 \u00e0 17.00 heures, le vendredi de 09:00 \u00e0 12:00 ou suivant rendez-vous convenu en dehors des heures d\u2019ouverture [&hellip;]","og_url":"https:\/\/www.oekobib.lu\/kontakt\/","og_site_name":"Oekobib","article_modified_time":"2022-07-22T12:33:08+00:00","og_image":[{"width":1170,"height":350,"url":"https:\/\/www.oekobib.lu\/wp-content\/uploads\/2017\/04\/Kontakt_Slider.jpg","type":"image\/jpeg"}],"twitter_card":"summary_large_image","twitter_misc":{"Dur\u00e9e de lecture estim\u00e9e":"2 minutes"},"schema":{"@context":"https:\/\/schema.org","@graph":[{"@type":"WebPage","@id":"https:\/\/www.oekobib.lu\/kontakt\/","url":"https:\/\/www.oekobib.lu\/kontakt\/","name":"Contact - Oekobib","isPartOf":{"@id":"https:\/\/www.oekobib.lu\/#website"},"primaryImageOfPage":{"@id":"https:\/\/www.oekobib.lu\/kontakt\/#primaryimage"},"image":{"@id":"https:\/\/www.oekobib.lu\/kontakt\/#primaryimage"},"thumbnailUrl":"https:\/\/www.oekobib.lu\/wp-content\/uploads\/2017\/04\/Kontakt_Slider.jpg","datePublished":"2017-04-10T07:04:53+00:00","dateModified":"2022-07-22T12:33:08+00:00","breadcrumb":{"@id":"https:\/\/www.oekobib.lu\/kontakt\/#breadcrumb"},"inLanguage":"fr-FR","potentialAction":[{"@type":"ReadAction","target":["https:\/\/www.oekobib.lu\/kontakt\/"]}]},{"@type":"ImageObject","inLanguage":"fr-FR","@id":"https:\/\/www.oekobib.lu\/kontakt\/#primaryimage","url":"https:\/\/www.oekobib.lu\/wp-content\/uploads\/2017\/04\/Kontakt_Slider.jpg","contentUrl":"https:\/\/www.oekobib.lu\/wp-content\/uploads\/2017\/04\/Kontakt_Slider.jpg","width":1170,"height":350},{"@type":"BreadcrumbList","@id":"https:\/\/www.oekobib.lu\/kontakt\/#breadcrumb","itemListElement":[{"@type":"ListItem","position":1,"name":"Accueil","item":"https:\/\/www.oekobib.lu\/"},{"@type":"ListItem","position":2,"name":"Contact"}]},{"@type":"WebSite","@id":"https:\/\/www.oekobib.lu\/#website","url":"https:\/\/www.oekobib.lu\/","name":"Oekobib","description":"Un site utilisant WordPress","potentialAction":[{"@type":"SearchAction","target":{"@type":"EntryPoint","urlTemplate":"https:\/\/www.oekobib.lu\/?s={search_term_string}"},"query-input":{"@type":"PropertyValueSpecification","valueRequired":true,"valueName":"search_term_string"}}],"inLanguage":"fr-FR"}]}},"_links":{"self":[{"href":"https:\/\/www.oekobib.lu\/fr\/wp-json\/wp\/v2\/pages\/1023","targetHints":{"allow":["GET"]}}],"collection":[{"href":"https:\/\/www.oekobib.lu\/fr\/wp-json\/wp\/v2\/pages"}],"about":[{"href":"https:\/\/www.oekobib.lu\/fr\/wp-json\/wp\/v2\/types\/page"}],"author":[{"embeddable":true,"href":"https:\/\/www.oekobib.lu\/fr\/wp-json\/wp\/v2\/users\/1"}],"replies":[{"embeddable":true,"href":"https:\/\/www.oekobib.lu\/fr\/wp-json\/wp\/v2\/comments?post=1023"}],"version-history":[{"count":3,"href":"https:\/\/www.oekobib.lu\/fr\/wp-json\/wp\/v2\/pages\/1023\/revisions"}],"predecessor-version":[{"id":4070,"href":"https:\/\/www.oekobib.lu\/fr\/wp-json\/wp\/v2\/pages\/1023\/revisions\/4070"}],"wp:featuredmedia":[{"embeddable":true,"href":"https:\/\/www.oekobib.lu\/fr\/wp-json\/wp\/v2\/media\/512"}],"wp:attachment":[{"href":"https:\/\/www.oekobib.lu\/fr\/wp-json\/wp\/v2\/media?parent=1023"}],"curies":[{"name":"wp","href":"https:\/\/api.w.org\/{rel}","templated":true}]}}

<section class="wpb-content-wrapper"><p>[vc_row][vc_column width= »2/3&Prime;][vc_column_text]</p>
<p style="text-align: center;"><span style="font-size: 14pt;"><strong>Envie de nous rendre visite et de bouquiner dans notre bibliothèque ?</strong></span></p>
<p style="text-align: center;">Nous sommes à votre entière disposition pour toute information complémentaire. Le lundi, le mardi, le jeudi de 9.00 à 12.00 heures et de 14.00 à 17.00 heures, le vendredi de 09:00 à 12:00 ou suivant rendez-vous convenu en dehors des heures d’ouverture indiquées.</p>
<p>[/vc_column_text][/vc_column][vc_column width= »1/3&Prime;][vc_column_text]</p>
<p><strong>Karin Struck</strong> Responsable oekobib mediathéik 6, rue Vauban L-2663 Luxemburg Tel.:  +352 43 90 30-40 E-mail: oekobib@oeko.lu</p>
<p style="text-align: center;"> </p>
<p>[/vc_column_text][/vc_column][/vc_row][vc_row][vc_column][vc_separator color= »custom » accent_color= »#76b72a »][vc_column_text]</p>
<h1>Où nous trouver</h1>
<p style="text-align: center;">[/vc_column_text][/vc_column][/vc_row][vc_row][vc_column][vc_column_text]</p>
<h2>L’oekobib mediathéik est facilement accessible :</h2>
<ul>
<li>à pied: en partant de la Ville-Haute, avec l’ascenseur panoramique (l’entrée se situe dans le Parc Pescatore) ou bien en venant du « Fëschmaart » ou du « Eecher Bierg » (10 min. à pied) ;</li>
</ul>
<ul>
<li>en bus : Les lignes AVL 23 et 26 Les lignes AVL 23 et 26 desservent les arrêts « Théiwesbuer » ou « Vauban ». A partir d’un arrêt de bus du centre-ville jusqu’au Parc Pescatore (ascenseur panoramique), ensuite à pied jusqu’au Pfaffenthal. Pour les horaires des bus AVL, consultez <a href="https://www.mobiliteit.lu/" target="_blank" rel="noopener noreferrer">mobiliteit.lu</a>;</li>
</ul>
<ul>
<li>en train: arrivant du nord du pays ou de la Gare centrale de Luxembourg jusqu’à la gare Pfaffenthal-Kirchberg, après env. 5 min. à pied jusqu’à l’Oekozenter</li>
</ul>
<ul>
<li>en vélo: en partant de la Ville-Haute, prendre l’ascenseur panoramique (l’entrée se situe dans le Parc Pescatore) jusqu’au Pfaffenthal. Un abri-vélo spacieux est à la disposition des visiteurs ;</li>
</ul>
<ul>
<li>en voiture: il est recommandé de garer la voiture au « Champ du Glacis » et de prendre l’ascenseur panoramique pour descendre au Pfaffenthal (l’entrée se situe dans le Parc Pescatore). A proximité de l’Oekozenter, les possibilités de stationner sont peu nombreuses (des parkings se trouvent e.a. en face de l’Eglise, dans la partie supérieure de la « rue des trois glands » ou encore près du stade de football, en venant de « Eecher Plaatz »). Tous les parkings sont payants !</li>
</ul>
<p>Information importante: en raison de travaux de maintenance, l’ascenseur panoramique est hors service chaque premier lundi du mois.</p>
<p style="text-align: center;"> </p>
<p style="text-align: center;">[/vc_column_text][/vc_column][/vc_row][vc_row][vc_column][vc_column_text]</p>
<p>[/vc_column_text][/vc_column][/vc_row]</p>
</section>

<p>[vc_row][vc_column width= »2/3&Prime;][vc_column_text] Envie de nous rendre visite et de bouquiner dans notre bibliothèque ? Nous sommes à votre entière disposition pour toute information complémentaire. Le lundi, le mardi, le jeudi de 9.00 à 12.00 heures et de 14.00 à 17.00 heures, le vendredi de 09:00 à 12:00 ou suivant rendez-vous convenu en dehors des heures d’ouverture [&hellip;]</p>

<!-- This site is optimized with the Yoast SEO plugin v27.3 - https://yoast.com/product/yoast-seo-wordpress/ -->
<title>Contact - Oekobib</title>
<meta name="robots" content="index, follow, max-snippet:-1, max-image-preview:large, max-video-preview:-1" />
<link rel="canonical" href="https://www.oekobib.lu/kontakt/" />
<meta property="og:locale" content="fr_FR" />
<meta property="og:type" content="article" />
<meta property="og:title" content="Contact - Oekobib" />
<meta property="og:description" content="[vc_row][vc_column width= »2/3&Prime;][vc_column_text] Envie de nous rendre visite et de bouquiner dans notre bibliothèque ? Nous sommes à votre entière disposition pour toute information complémentaire. Le lundi, le mardi, le jeudi de 9.00 à 12.00 heures et de 14.00 à 17.00 heures, le vendredi de 09:00 à 12:00 ou suivant rendez-vous convenu en dehors des heures d’ouverture [&hellip;]" />
<meta property="og:url" content="https://www.oekobib.lu/kontakt/" />
<meta property="og:site_name" content="Oekobib" />
<meta property="article:modified_time" content="2022-07-22T12:33:08+00:00" />
<meta property="og:image" content="https://www.oekobib.lu/wp-content/uploads/2017/04/Kontakt_Slider.jpg" />
	<meta property="og:image:width" content="1170" />
	<meta property="og:image:height" content="350" />
	<meta property="og:image:type" content="image/jpeg" />
<meta name="twitter:card" content="summary_large_image" />
<meta name="twitter:label1" content="Durée de lecture estimée" />
	<meta name="twitter:data1" content="2 minutes" />
<script type="application/ld+json" class="yoast-schema-graph">{"@context":"https:\/\/schema.org","@graph":[{"@type":"WebPage","@id":"https:\/\/www.oekobib.lu\/kontakt\/","url":"https:\/\/www.oekobib.lu\/kontakt\/","name":"Contact - Oekobib","isPartOf":{"@id":"https:\/\/www.oekobib.lu\/#website"},"primaryImageOfPage":{"@id":"https:\/\/www.oekobib.lu\/kontakt\/#primaryimage"},"image":{"@id":"https:\/\/www.oekobib.lu\/kontakt\/#primaryimage"},"thumbnailUrl":"https:\/\/www.oekobib.lu\/wp-content\/uploads\/2017\/04\/Kontakt_Slider.jpg","datePublished":"2017-04-10T07:04:53+00:00","dateModified":"2022-07-22T12:33:08+00:00","breadcrumb":{"@id":"https:\/\/www.oekobib.lu\/kontakt\/#breadcrumb"},"inLanguage":"fr-FR","potentialAction":[{"@type":"ReadAction","target":["https:\/\/www.oekobib.lu\/kontakt\/"]}]},{"@type":"ImageObject","inLanguage":"fr-FR","@id":"https:\/\/www.oekobib.lu\/kontakt\/#primaryimage","url":"https:\/\/www.oekobib.lu\/wp-content\/uploads\/2017\/04\/Kontakt_Slider.jpg","contentUrl":"https:\/\/www.oekobib.lu\/wp-content\/uploads\/2017\/04\/Kontakt_Slider.jpg","width":1170,"height":350},{"@type":"BreadcrumbList","@id":"https:\/\/www.oekobib.lu\/kontakt\/#breadcrumb","itemListElement":[{"@type":"ListItem","position":1,"name":"Accueil","item":"https:\/\/www.oekobib.lu\/"},{"@type":"ListItem","position":2,"name":"Contact"}]},{"@type":"WebSite","@id":"https:\/\/www.oekobib.lu\/#website","url":"https:\/\/www.oekobib.lu\/","name":"Oekobib","description":"Un site utilisant WordPress","potentialAction":[{"@type":"SearchAction","target":{"@type":"EntryPoint","urlTemplate":"https:\/\/www.oekobib.lu\/?s={search_term_string}"},"query-input":{"@type":"PropertyValueSpecification","valueRequired":true,"valueName":"search_term_string"}}],"inLanguage":"fr-FR"}]}</script>
<!-- / Yoast SEO plugin. -->

[vc_row][vc_column width= »2/3&Prime;][vc_column_text] Envie de nous rendre visite et de bouquiner dans notre bibliothèque ? Nous sommes à votre entière disposition pour toute information complémentaire. Le lundi, le mardi, le jeudi de 9.00 à 12.00 heures et de 14.00 à 17.00 heures, le vendredi de 09:00 à 12:00 ou suivant rendez-vous convenu en dehors des heures d’ouverture [&hellip;]
